Let v(o) = o - 12. Let c be v(14). Let n(i) = -9*i - 1. Calculate n(c).
-19
Let f(a) = -8 + 8 + 2*a. Let k be -2*15/(-24)*-4. Let c be 5*1 - (-10)/k. Give f(c).
6
Let m = 38 + -22. Suppose 4*q = -0*q + m. Let f(h) = h + 1. Give f(q).
5
Let j be (-74)/14 + (-2)/(-7). Let h(y) be the first derivative of -3*y**2 - 3*y + 16. Let c(q) = -q. Let f(o) = j*c(o) + h(o). Calculate f(-4).
1
Let d(r) be the third derivative of r**4/24 + r**3/6 + 35*r**2. Determine d(-4).
-3
Let y(o) = o**2 - 7*o + 5. Let d be y(5). Let b(t) be the third derivative of -t**5/60 - t**4/6 - 3*t**2. Give b(d).
-5
Let h(b) = -b - 1. Let l(g) = 4*g - 6. Let m(a) = -h(a) + l(a). Determine m(4).
15
Let q(a) be the first derivative of -a**3/3 + 2*a**2 + 1. Let j = 6 + -2. Calculate q(j).
0
Let f be (-6)/(-9) + 6/(-9). Let q(i) = -5*i**3 + 16*i**2 - 5*i + 26. Let s(n) = -n**3 + 3*n**2 - n + 5. Let a(r) = 2*q(r) - 11*s(r). Determine a(f).
-3
Suppose 5*x = 4*s + 18, 0 = 4*s + x - 0 + 6. Let z(j) = 6*j + 3. What is z(s)?
-9
Let j(p) = -p - 4. Suppose 4 = 4*r - 3*r. What is j(r)?
-8
Let m(w) = -w**2 + 3*w + 5 + 0*w**2 + 5*w - 4*w. Calculate m(4).
5
Let v(p) be the second derivative of p**5/20 - 2*p**4/3 + 4*p**3/3 - 7*p**2/2 + 6*p. Give v(7).
0
Let m(g) = -8*g**2 + 0*g**2 + 9*g**2 - 13. Calculate m(0).
-13
Let w(g) = 7*g + 3. Let a(r) = 3*r + 1. Let u(d) = 5*a(d) - 2*w(d). Determine u(0).
-1
Let t = -2 - 2. Let c(g) = -g + 1. Let l be c(t). Let x(u) be the first derivative of u**4/4 - 4*u**3/3 - 7*u**2/2 + 3*u - 2. Give x(l).
-7
Let s(f) = -f + 1. Suppose l + 60 = 5*l. Let k = l - 11. Calculate s(k).
-3
Let i(r) = -r**2 - 2*r - 3. Let l(f) = 3*f**2 + 2*f - 2. Let d be l(-2). Let w = d - 5. Let p be w*2/6*-6. Determine i(p).
-3
Let t be (7 - (-208)/(-28)) + (-8)/14. Let a(w) = -5*w**3. Determine a(t).
5
Let y(w) = 19*w**3 + 2*w**2 - 4*w. Let k(b) = -b. Let m(s) = -5*k(s) + y(s). Suppose -4*i - 5*l = 24, 4 = 5*i - 4*l - 7. Determine m(i).
-18
Let v = 10 + -6. Let r(y) = 36*y - 9. Let a(n) = -7*n + 2. Let f(q) = v*r(q) + 21*a(q). Determine f(5).
-9
Let w(z) = -3*z + 1. Suppose 0 = -u, 2*u - 4*u + 4 = 4*s. Give w(s).
-2
Let j(o) be the first derivative of -o**2 + 7*o + 2. Calculate j(5).
-3
Let h = 31 + -24. Let f(s) = s**3 - 7*s**2 - 2*s + 6. Determine f(h).
-8
Let f(b) = b + 0 + 1 - 7 - 2*b. Let t be (-10)/(-4) + 3/(-6). Let y be 2/((8/(-6))/t). Give f(y).
-3
Let s = -1 - 2. Let o = 13 - 9. Let f(y) = 1 + 3*y**3 + 2*y**2 - 4*y**2 - 4*y**3 + o*y. Determine f(s).
-2
Let y = 4 + -5. Let u be (-1 - y) + 2 + -4. Let v(d) = d**3 + 2*d**2 + 3*d + 3. Calculate v(u).
-3
Let o = 14 + -7. Let h(f) = -6 - o*f**2 + 7 - f**2 - f**3. Calculate h(-8).
1
Let y(m) be the third derivative of m**4/12 - 2*m**3/3 + m**2. Let t be (-3)/1 + 25/5. Suppose t = 3*u - 7. Calculate y(u).
2
Let x(n) = -1 + n**3 - n - n**2 + 0 + 6*n**3. Let r(f) = -f - 8. Let p be r(-7). Determine x(p).
-8
Let x(d) = 2*d - 1. Let c be x(4). Let b(t) = 3 - 13*t - c*t + 19*t. Give b(0).
3
Suppose -4*w + 1 - 9 = 0. Let u(z) be the third derivative of z**5/15 + z**4/24 + z**3/6 - z**2. Let t(m) = 3*m**2 + m. Let j(k) = -3*t(k) + 2*u(k). Give j(w).
0
Let o be 2/(1/(10 - -2)). Suppose 4*y + t = -o, -3*y - 3*t - 4 - 23 = 0. Let q(c) be the second derivative of c**3/6 - 5*c**2/2 - 37*c. Calculate q(y).
-10
Let y be (2/10)/(21/105). Let s(a) = 7*a**2. What is s(y)?
7
Suppose -o - 11 = -6. Let j(v) = v. Let l(g) = g - 2. Let u(z) = -3*j(z) + l(z). Calculate u(o).
8
Let l(n) = -n**3 - 13*n**2 - 12*n - 1. Let c be 36/(-14)*(-84)/(-18). Let y be l(c). Let f(g) be the first derivative of -2*g**2 + g - 2. Give f(y).
5
Let h(s) be the second derivative of -s**4/6 + s**2/2 - 2*s. What is h(3)?
-17
Let h(w) be the first derivative of w**5/20 - w**4/2 + w**3 - w**2 - 2*w - 2. Let m(j) be the first derivative of h(j). Calculate m(5).
3
Suppose 0*x - 9 = -3*x. Let y(z) = z**2 - 3*z - 1. Let g be y(x). Let p(n) = 0*n**2 - n - 4*n**2 + 0*n**2. Determine p(g).
-3
Let h(a) = 18 + 3*a - 8 - 6. Calculate h(-6).
-14
Let x(r) = r**3 + 6*r**2 + 7*r + 5. Let a(q) = -q**2 + 17*q - 47. Let z be a(14). Calculate x(z).
-5
Suppose 1 = 3*l - 8. Suppose 0 = -4*g - l*m + 21, -5*g + 3*g = 4*m - 18. Let i(v) = -4 + 3*v**2 + g*v + 0*v**2 - 2*v**2. Calculate i(-4).
0
Let p = 145 + -144. Let b(o) = 17*o**2 + 7. Let r(t) = -25*t**2 - 10. Suppose 0*i - 3*i = 15. Let z(g) = i*r(g) - 7*b(g). Give z(p).
7
Let d(k) = -k**3 + 6*k**2 + k - 4. Let n = 41 - 35. Calculate d(n).
2
Let u(m) = m**3 + 4*m**2 - 3*m + 3. Let p be ((-2)/(-4))/((-3)/30). What is u(p)?
-7
Let y(t) = -1 - 3*t**2 - 4*t**2 + 5*t + t**3 + 10 - 1. What is y(6)?
2
Let p(j) be the second derivative of 0 - 1/20*j**5 + 1/2*j**2 - 1/6*j**3 + j - 1/2*j**4. What is p(-6)?
7
Let q(u) = 5*u**3 - 6*u**2 + 4*u - 1. Let p(f) = 14*f**3 - 18*f**2 + 12*f - 2. Let t(o) = 4*p(o) - 11*q(o). What is t(5)?
-2
Let o(r) be the first derivative of 1 - 1/4*r**4 - r**2 + 1/3*r**3 + 1/20*r**5 - 3*r. Let u(a) be the first derivative of o(a). Give u(2).
-2
Let y(j) = 7*j**2 - 21*j - 8. Suppose -4*q + 7*q = 27. Let x(k) = -3*k**2 + 10*k + 4. Let n(o) = q*x(o) + 4*y(o). Calculate n(-4).
-4
Let j(b) be the third derivative of -b**5/60 - 7*b**4/24 - 5*b**3/6 + 2*b**2. Determine j(-6).
1
Let x(n) = 0*n + n - 3*n. Let v = 5 + -1. Suppose 3*u - 14 = v*m, -2*u - 2 = 5*m - 2*m. What is x(u)?
-4
Let u(x) be the first derivative of -x**3/3 - 7*x**2/2 - x + 3. Let c = -8 + 14. Let n be c/(-2 + 4) + -9. Calculate u(n).
5
Let t be (-1)/4 + 12/(-16). Let s(n) = -4*n**3 - 2*n**2 - 2*n - 1. What is s(t)?
3
Suppose -w - 4*a = -0 - 1, 2*w - 3*a = 2. Suppose 9 = -g - 3*m, -g - m + 3*m = -w. Let d(x) = -x**2 - 5*x - 3. Determine d(g).
3
Let p(q) = q**3 - 2*q**2 - 2*q + 1. Let y be p(3). Let i(s) = s**2 - 4*s. Calculate i(y).
0
Suppose 5*d - 3*t = 4, 5*t + 0 - 2 = 4*d. Let h(b) = 14 + b + 4*b**d + 2*b + b**3 - 9. Let j(f) = f**3 - 5*f**2 + 2*f + 4. Let n be j(4). Determine h(n).
-7
Suppose 0*d = 4*d - 12. Let t(l) = -3 + 2*l - 4*l**3 + d*l**3 + 2. Calculate t(-2).
3
Let a(d) be the first derivative of d**4/4 + 3*d**3 + 9*d**2/2 + 7*d - 39. Determine a(-8).
-1
Let t(g) = g**2 + 7*g + 9. Let r = -80 + 74. Calculate t(r).
3
Let h = -21 - -23. Let m(v) be the third derivative of 1/8*v**4 + h*v**2 + 1/3*v**3 - 1/60*v**5 + 0*v + 0. Determine m(4).
-2
Let y(n) = -n**2 - 8*n. Let q be y(-8). Let s be 5/1*(-3)/(-5). Let v(u) = u + 5 + 2*u**s + 0*u**3 - u**3 + 0*u. Calculate v(q).
5
Suppose 0 = 5*u - 3*t - 0*t - 19, 0 = 3*u - 2*t - 12. Let q(f) = -f**3 - 6*f**2 - 6 - 5*f**3 + 7*f**3 - u*f**3. Give q(-6).
-6
Let n(d) be the second derivative of d**4/4 + 2*d**3/3 - 12*d. What is n(-3)?
15
Suppose -25 = -6*h + h. Let f(t) = t + 2. Determine f(h).
7
Let j = -1 - -5. Suppose -t - 25 = 3*s - 5*t, -j*s = 3*t. Let z = s + 5. Let n(y) = y**3 - 4*y**2 + 2*y + 2. Give n(z).
-2
Let n(z) = z**3 - 4*z**2 + 4*z - 3. Let c be n(2). Suppose 2*j = 3*j - 2. Let q(w) = 0*w + w + 4 - j. What is q(c)?
-1
Let a(x) be the third derivative of x**5/60 - x**4/8 - 4*x**3/3 - 2*x**2. Calculate a(6).
10
Let c(x) = -15*x**2 - 3. Let n(l) = -7*l**2 - 1. Let p(s) = -2*c(s) + 5*n(s). Calculate p(1).
-4
Suppose 0 = 2*n - 6*n + 4. Let a = -10 - -12. Let p(w) = 5*w**3 + 2*w**a - 4 - 5*w**2 + 2*w**2 + 5. Give p(n).
5
Let j(u) = -2*u - 14. Let r be j(-6). Let b(o) be the second derivative of o**5/20 + o**4/12 - 2*o**3/3 - 3*o**2/2 - 5*o. Determine b(r).
1
Let g be (8/10)/(4/90). Suppose 4*b = 2*z - g, 4*z = b + 2*b + 26. Let p(c) = 3*c + 0*c**3 + 4*c**2 - c**3 + 4*c - 7. Give p(z).
3
Let i(u) = 7*u**3 + 8*u**2 + u + 15. Let l(d) = -4*d**3 - 4*d**2 - 8. Let b(q) = -3*i(q) - 5*l(q). Determine b(-4).
7
Suppose 0 = 5*x - i - 16, -5*x - i + 28 = i. Let y(k) = -4*k + 4*k**2 - 5*k**3 + 6*k + 3 - 9 + 4*k**3. What is y(x)?
2
Let m(v) = -v**3 - 2*v**2 + v + 3. Let s be (-6 + 4)/((-2)/6 - -1). Calculate m(s).
9
Let c(w) = -6 - w**3 - 3*w - 3*w + 3*w + 2 - 3*w**2. Determine c(-3).
5
Let s(i) = -i - 1. Let u(r) = 3*r + 2. Suppose 2*d + 7 = -15. Let w(p) = d*s(p) - 4*u(p). What is w(0)?
3
Let h(l) be the first derivative of 2*l**4 + l - l**2 - l + l + 1. Let k = -7 - -8. Calculate h(k).
7
Let a(c) = -2*c + 4. Suppose 0 = -3*q + 4 + 8. Give a(q).
-4
Let z be 2 + (-4 - -7) - 4. Let w(b) = -5*b + 5. Let g(h) = h - 1. Let t(l) = 